2248?
8
What is the tens digit of 259462343?
4
What is the thousands digit of 338450196?
0
What is the units digit of 674701339?
9
What is the ten millions digit of 120104630?
2
What is the hundred thousands digit of 47553531?
5
What is the ten thousands digit of 295738843?
3
What is the tens digit of 169398681?
8
What is the hundred millions digit of 446541667?
4
What is the hundred millions digit of 5549621593?
5
What is the units digit of 11202984?
4
What is the ten millions digit of 108753444?
0
What is the hundreds digit of 1798665610?
6
What is the billions digit of 1336476982?
1
What is the hundreds digit of 1440185005?
0
What is the ten thousands digit of 400386985?
8
What is the tens digit of 120254955?
5
What is the thousands digit of 160165713?
5
What is the hundred thousands digit of 281844885?
8
What is the hundred thousands digit of 174518743?
5
What is the billions digit of 1044610109?
1
What is the thousands digit of 15407622?
7
What is the ten thousands digit of 49850074?
5
What is the hundred thousands digit of 458973?
4
What is the millions digit of 68798789?
8
What is the ten thousands digit of 52514932?
1
What is the hundred millions digit of 2120388384?
1
What is the units digit of 853528695?
5
What is the hundred thousands digit of 4845054583?
0
What is the hundreds digit of 469080476?
4
What is the hundred millions digit of 227602648?
2
What is the ten thousands digit of 482334030?
3
What is the ten millions digit of 298468747?
9
What is the hundred millions digit of 156896346?
1
What is the tens digit of 79883336?
3
What is the units digit of 69397471?
1
What is the hundred millions digit of 2385818742?
3
What is the hundred thousands digit of 3307911215?
9
What is the ten millions digit of 25115568?
2
What is the millions digit of 581610825?
1
What is the ten thousands digit of 919693162?
9
What is the ten millions digit of 435959819?
3
What is the tens digit of 767803168?
6
What is the ten millions digit of 416331919?
1
What is the hundreds digit of 272986394?
3
What is the ten millions digit of 1101869050?
0
What is the millions digit of 402435904?
2
What is the ten thousands digit of 104443508?
4
What is the thousands digit of 1707361362?
1
What is the hundreds digit of 927747369?
3
What is the billions digit of 1217554976?
1
What is the thousands digit of 7529078?
9
What is the hundreds digit of 756998417?
4
What is the units digit of 42703005?
5
What is the hundreds digit of 12638542?
5
What is the ten thousands digit of 2159760882?
6
What is the units digit of 83553358?
8
What is the thousands digit of 35408029?
8
What is the hundreds digit of 29634644?
6
What is the tens digit of 130594563?
6
What is the units digit of 1886855886?
6
What is the thousands digit of 63096247?
6
What is the ten thousands digit of 485429?
8
What is the hundred thousands digit of 42576707?
5
What is the millions digit of 50531577?
0
What is the hundred thousands digit of 317931712?
9
What is the millions digit of 2786219?
2
What is the millions digit of 150287932?
0
What is the tens digit of 51756233?
3
What is the billions digit of 5412629294?
5
What is the hundred thousands digit of 1402221550?
2
What is the millions digit of 61023846?
1
What is the thousands digit of 249696069?
6
What is the thousands digit of 7277949745?
9
What is the hundreds digit of 881970231?
2
What is the thousands digit of 797644?
7
What is the units digit of 104701096?
6
What is the millions digit of 969288516?
9
What is the ten millions digit of 1289245926?
8
What is the ten millions digit of 28791959?
2
What is the thousands digit of 1848050748?
0
What is the ten millions digit of 39157102?
3
What is the units digit of 686405585?
5
What is the thousands digit of 2360506209?
6
What is the hundred millions digit of 410096528?
4
What is the tens digit of 308556582?
8
What is the hundred thousands digit of 80198071?
1
What is the thousands digit of 43145122?
5
What is the hundred thousands digit of 194152025?
1
What is the millions digit of 116035243?
6
What is the ten millions digit of 31588630?
3
What is the tens digit of 2511077272?
7
What is the tens digit of 3442645109?
0
What is the thousands digit of 1384441477?
1
What is the thousands digit of 17018491?
8
What is the tens digit of 301477632?
3
What is the hundreds digit of 322927927?
9
What is the thousands digit of 285363298?
3
What is the tens digit of 65040025?
2
What is the hundreds digit of 232502405?
4
What is the ten millions digit of 333873793?
3
What is the millions digit of 2297298911?
7
What is the ten thousands digit of 72571618?
7
What is the units digit of 1365847750?
0
What is the units digit of 12351697?
7
What is the hundred millions digit of 3990310095?
9
What is the hundred millions digit of 2301926614?
3
What is the hundred thousands digit of 7427541?
4
What is the ten thousands digit of 4569711716?
1
What is the ten millions digit of 5254379423?
5
What is the ten millions digit of 61593182?
6
What is the tens digit of 38747720?
2
What is the hundred thousands digit of 4461768374?
7
What is the ten thousands digit of 207888685?
8
What is the thousands digit of 42220185?
0
What is the hundreds digit of 162876169?
1
What is the billions digit of 1451431216?
1
What is the ten thousands digit of 32276408?
7
What is the hundred thousands digit of 12473536?
4
What is the hundreds digit of 134939329?
3
What is the ten thousands digit of 2348612778?
1
What is the tens digit of 37226724?
2
What is the ten millions digit of 632606579?
3
What is the thousands digit of 1219767974?
7
What is the hundreds digit of 2592806934?
9
What is the ten thousands digit of 72831334?
3
What is the tens digit of 132153025?
2
What is the tens digit of 48209662?
6
What is the hundred thousands digit of 61583139?
5
What is the ten thousands digit of 846074004?
7
What is the hundred thousands digit of 4363514929?
5
What is the ten thousands digit of 44853810?
5
What is the thousands digit of 32929645?
9
What is the ten thousands digit of 58884201?
8
What is the millions digit of 3701318?
3
What is the millions digit of 108387283?
8
What is the units digit of 80529053?
3
What is the millions digit of 4536158444?
6
What is the tens digit of 1766758695?
9
What is the thousands digit of 51891299?
1
What is the ten thousands digit of 1737371500?
7
What is the tens digit of 23520801?
0
What is the ten thousands digit of 2958367?
5
What is the units digit of 722728700?
0
What is the ten thousands digit of 2774317459?
1
What is the tens digit of 46304354?
5
What is the millions digit of 1192950412?
2
What is the hundreds digit of 68942968?
9
What is the hundred thousands digit of 3299235168?
2
What is the ten thousands digit of 4041472869?
7
What is the tens digit of 169227341?
4
What is the hundred thousands digit of 9277112?
2
What is the hundred thousands digit of 35233457?
2
What is the units digit of 589150726?
6
What is the ten thousands digit of 366674582?
7
What is the ten thousands digit of 184625797?
2
What is the hundreds digit of 28369010?
0
What is the thousands digit of 389432820?
2
What is the hundreds digit of 26007144?
1
What is the millions digit of 5151523114?
1
What is the units digit of 190532401?
1
What is the units digit of 688007262?
2
What is the hundreds digit of 1302137948?
9
What is the hundred millions digit of 156796926?
1
What is the ten thousands digit of 35899412?
9
What is the ten millions digit of 18718162?
1
What is the millions digit of 17460712?
7
What is the billions digit of 4506761619?
4
What is the ten millions digit of 40933939?
4
What is the units digit of 42334777?
7
What is the thousands digit of 13671758?
1
What is the units digit of 404120234?
4
What is the hundred thousands digit of 84541739?
5
What is the tens digit of 1618230983?
8
What is the tens digit of 314469644?
4
What is the thousands digit of 445470931?
0
What is the hundreds digit of 10067440?
4
What is the hundreds digit of 3560316130?
1
What is the tens digit of 298267632?
3
What is the ten millions digit of 2448896213?
4
What is the hundred millions digit of 3063951733?
0
What is the tens digit of 1639307087?
8
What is the ten thousands digit of 958476352?
7
What is the ten millions digit of 35293263?
